{"id":149,"date":"2021-06-29T16:21:04","date_gmt":"2021-06-29T19:21:04","guid":{"rendered":"https:\/\/edpopsaude.com.br\/site\/?page_id=149"},"modified":"2021-06-29T17:28:18","modified_gmt":"2021-06-29T20:28:18","slug":"livro-educacao-equidade-saude-dispositivos-pedagogicos-e-praticas","status":"publish","type":"page","link":"https:\/\/edpopsaude.com.br\/site\/livro-educacao-equidade-saude-dispositivos-pedagogicos-e-praticas\/","title":{"rendered":"Educa\u00e7\u00e3o popular, equidade e sa\u00fade &#8211; dispositivos pedag\u00f3gicos e pr\u00e1ticas l\u00fadicas"},"content":{"rendered":"\t\t<div data-elementor-type=\"wp-page\" data-elementor-id=\"149\" class=\"elementor elementor-149\">\n\t\t\t\t\t\t\t\t\t<section class=\"elementor-section elementor-top-section elementor-element elementor-element-0a3ec3e elementor-section-boxed elementor-section-height-default elementor-section-height-default\" data-id=\"0a3ec3e\" data-element_type=\"section\">\n\t\t\t\t\t\t<div class=\"elementor-container elementor-column-gap-default\">\n\t\t\t\t\t<div class=\"elementor-column elementor-col-100 elementor-top-column elementor-element elementor-element-d3406c1\" data-id=\"d3406c1\" data-element_type=\"column\">\n\t\t\t<div class=\"elementor-widget-wrap elementor-element-populated\">\n\t\t\t\t\t\t\t\t<div class=\"elementor-element elementor-element-b72198d elementor-widget elementor-widget-spacer\" data-id=\"b72198d\" data-element_type=\"widget\" data-widget_type=\"spacer.default\">\n\t\t\t\t<div class=\"elementor-widget-container\">\n\t\t\t\t\t<div class=\"elementor-spacer\">\n\t\t\t<div class=\"elementor-spacer-inner\"><\/div>\n\t\t<\/div>\n\t\t\t\t<\/div>\n\t\t\t\t<\/div>\n\t\t\t\t\t<\/div>\n\t\t<\/div>\n\t\t\t\t\t\t\t<\/div>\n\t\t<\/section>\n\t\t\t\t<section class=\"elementor-section elementor-top-section elementor-element elementor-element-bdee7fb elementor-section-boxed elementor-section-height-default elementor-section-height-default\" data-id=\"bdee7fb\" data-element_type=\"section\">\n\t\t\t\t\t\t<div class=\"elementor-container elementor-column-gap-default\">\n\t\t\t\t\t<div class=\"elementor-column elementor-col-100 elementor-top-column elementor-element elementor-element-633506d\" data-id=\"633506d\" data-element_type=\"column\">\n\t\t\t<div class=\"elementor-widget-wrap elementor-element-populated\">\n\t\t\t\t\t\t\t\t<div class=\"elementor-element elementor-element-c3fe2e3 elementor-widget elementor-widget-heading\" data-id=\"c3fe2e3\" data-element_type=\"widget\" data-widget_type=\"heading.default\">\n\t\t\t\t<div class=\"elementor-widget-container\">\n\t\t\t<h3 class=\"elementor-heading-title elementor-size-default\">EDUCA\u00c7\u00c3O POPULAR, EQUIDADE E SA\u00daDE - DISPOSITIVOS PEDAG\u00d3GICOS E PR\u00c1TICAS L\u00daDICAS DE APRENDIZAGEM NA SA\u00daDE: a caixa de ferramentas nas rela\u00e7\u00f5es de ensino e aprendizagem<\/h3>\t\t<\/div>\n\t\t\t\t<\/div>\n\t\t\t\t\t<\/div>\n\t\t<\/div>\n\t\t\t\t\t\t\t<\/div>\n\t\t<\/section>\n\t\t\t\t<section class=\"elementor-section elementor-top-section elementor-element elementor-element-389e40a elementor-section-boxed elementor-section-height-default elementor-section-height-default\" data-id=\"389e40a\" data-element_type=\"section\">\n\t\t\t\t\t\t<div class=\"elementor-container elementor-column-gap-default\">\n\t\t\t\t\t<div class=\"elementor-column elementor-col-50 elementor-top-column elementor-element elementor-element-1a2e91f\" data-id=\"1a2e91f\" data-element_type=\"column\">\n\t\t\t<div class=\"elementor-widget-wrap elementor-element-populated\">\n\t\t\t\t\t\t\t\t<div class=\"elementor-element elementor-element-08dabae elementor-widget elementor-widget-image\" data-id=\"08dabae\" data-element_type=\"widget\" data-widget_type=\"image.default\">\n\t\t\t\t<div class=\"elementor-widget-container\">\n\t\t\t\t\t\t\t\t\t\t\t\t\t\t\t<img decoding=\"async\" width=\"523\" height=\"750\" src=\"https:\/\/edpopsaude.com.br\/site\/wp-content\/uploads\/2021\/06\/Livro-Educacao-Popular-Equidade-e-Saude.jpg\" class=\"attachment-large size-large wp-image-100\" alt=\"\" loading=\"lazy\" srcset=\"https:\/\/edpopsaude.com.br\/site\/wp-content\/uploads\/2021\/06\/Livro-Educacao-Popular-Equidade-e-Saude.jpg 523w, https:\/\/edpopsaude.com.br\/site\/wp-content\/uploads\/2021\/06\/Livro-Educacao-Popular-Equidade-e-Saude-209x300.jpg 209w\" sizes=\"(max-width: 34.9rem) calc(100vw - 2rem), (max-width: 53rem) calc(8 * (100vw \/ 12)), (min-width: 53rem) calc(6 * (100vw \/ 12)), 100vw\" \/>\t\t\t\t\t\t\t\t\t\t\t\t\t\t\t<\/div>\n\t\t\t\t<\/div>\n\t\t\t\t\t<\/div>\n\t\t<\/div>\n\t\t\t\t<div class=\"elementor-column elementor-col-50 elementor-top-column elementor-element elementor-element-638a228\" data-id=\"638a228\" data-element_type=\"column\">\n\t\t\t<div class=\"elementor-widget-wrap elementor-element-populated\">\n\t\t\t\t\t\t\t\t<div class=\"elementor-element elementor-element-8464ed7 elementor-widget elementor-widget-text-editor\" data-id=\"8464ed7\" data-element_type=\"widget\" data-widget_type=\"text-editor.default\">\n\t\t\t\t<div class=\"elementor-widget-container\">\n\t\t\t\t\t\t\t<p>Esta obra traz, em seus cap\u00edtulos, uma colet\u00e2nea de reflex\u00f5es que agrupa registros de experi\u00eancias no desenvolvimento do cuidado, forma\u00e7\u00e3o, trabalho e participa\u00e7\u00e3o social em sa\u00fade no cotidiano do sistema de sa\u00fade como campo de produ\u00e7\u00e3o de saberes que tomou as pr\u00e1ticas de educa\u00e7\u00e3o popular em sa\u00fade e de educa\u00e7\u00e3o permanente desenvolvidas como objetos de an\u00e1lise, pelo fato destas dizerem de processos que v\u00eaem transformando realidades, rela\u00e7\u00f5es e os sujeitos implicados nessa constru\u00e7\u00e3o.<\/p><p>Integra uma rede em expans\u00e3o desenvolvida por uma articula\u00e7\u00e3o cient\u00edfico-popular constitu\u00edda por trabalhadores dos servi\u00e7os de sa\u00fade, por conselheiros, estudantes, residentes, movimentos e organiza\u00e7\u00f5es populares, docentes e pesquisadores de diversas regi\u00f5es do Brasil que trazem as concep\u00e7\u00f5es e pr\u00e1ticas da educa\u00e7\u00e3o popular em sa\u00fade como base. Aliadas a isso, experi\u00eancias de pesquisadores(as) de pa\u00edses da Am\u00e9rica Latina que t\u00eam atua\u00e7\u00e3o comunit\u00e1ria e social se conectaram a essa rede e trazem um pouco de suas reflex\u00f5es nessa obra.<\/p><p>A obra traz reflex\u00f5es de diversas regi\u00f5es do Brasil e da Am\u00e9rica Latina e se organiza em duas sess\u00f5es: a primeira evidencia as redes colaborativas de forma\u00e7\u00e3o, cuidado e participa\u00e7\u00e3o em defesa da vida, da sa\u00fade e do SUS, aprofunda a sistematiza\u00e7\u00e3o de experi\u00eancias como dispositivo pedag\u00f3gico; reflete sobre pr\u00e1ticas e dispositivos pedag\u00f3gicos na promo\u00e7\u00e3o da equidade junto \u00e0s comunidades quilombolas; na forma\u00e7\u00e3o m\u00e9dica; em programas de resid\u00eancia multiprofissional em sa\u00fade, de forma\u00e7\u00e3o docente na sa\u00fade coletiva e de forma\u00e7\u00e3o hist\u00f3rica e pol\u00edtica para estudantes das \u00e1reas da sa\u00fade.<\/p><p>A segunda sess\u00e3o nos faz refletir sobre as pr\u00e1ticas populares e integrativas de cuidado em sa\u00fade, a partir dos processos de forma\u00e7\u00e3o em rede; assim como an\u00e1lise sobre di\u00e1logos de saberes para a constru\u00e7\u00e3o social da sa\u00fade comunit\u00e1ria integrando interculturalidade e agroecologia; os di\u00e1logos por Bem Viver; Esperan\u00e7a e Alegremia, reflex\u00f5es sobre Espiritualidade e Sa\u00fade Mental e sobre a Amistosofia.<\/p>\t\t\t\t\t\t<\/div>\n\t\t\t\t<\/div>\n\t\t\t\t\t<\/div>\n\t\t<\/div>\n\t\t\t\t\t\t\t<\/div>\n\t\t<\/section>\n\t\t\t\t<section class=\"elementor-section elementor-top-section elementor-element elementor-element-2d4df02 elementor-section-boxed elementor-section-height-default elementor-section-height-default\" data-id=\"2d4df02\" data-element_type=\"section\">\n\t\t\t\t\t\t<div class=\"elementor-container elementor-column-gap-default\">\n\t\t\t\t\t<div class=\"elementor-column elementor-col-100 elementor-top-column elementor-element elementor-element-75dc109\" data-id=\"75dc109\" data-element_type=\"column\">\n\t\t\t<div class=\"elementor-widget-wrap elementor-element-populated\">\n\t\t\t\t\t\t\t\t<div class=\"elementor-element elementor-element-501e5c1 elementor-align-center elementor-widget elementor-widget-button\" data-id=\"501e5c1\" data-element_type=\"widget\" data-widget_type=\"button.default\">\n\t\t\t\t<div class=\"elementor-widget-container\">\n\t\t\t\t\t<div class=\"elementor-button-wrapper\">\n\t\t\t<a href=\"http:\/\/edpopsaude.com.br\/materiais\/Livro-Educacao-Popular-Equidade-e-Saude.pdf\" target=\"_blank\" class=\"elementor-button-link elementor-button elementor-size-sm\" role=\"button\">\n\t\t\t\t\t\t<span class=\"elementor-button-content-wrapper\">\n\t\t\t\t\t\t\t<span class=\"elementor-button-icon elementor-align-icon-left\">\n\t\t\t\t<i aria-hidden=\"true\" class=\"far fa-arrow-alt-circle-down\"><\/i>\t\t\t<\/span>\n\t\t\t\t\t\t<span class=\"elementor-button-text\">Baixar o livro em PDF<\/span>\n\t\t<\/span>\n\t\t\t\t\t<\/a>\n\t\t<\/div>\n\t\t\t\t<\/div>\n\t\t\t\t<\/div>\n\t\t\t\t\t<\/div>\n\t\t<\/div>\n\t\t\t\t\t\t\t<\/div>\n\t\t<\/section>\n\t\t\t\t<section class=\"elementor-section elementor-top-section elementor-element elementor-element-5d0fea0 elementor-section-boxed elementor-section-height-default elementor-section-height-default\" data-id=\"5d0fea0\" data-element_type=\"section\">\n\t\t\t\t\t\t<div class=\"elementor-container elementor-column-gap-default\">\n\t\t\t\t\t<div class=\"elementor-column elementor-col-100 elementor-top-column elementor-element elementor-element-2b333b5\" data-id=\"2b333b5\" data-element_type=\"column\">\n\t\t\t<div class=\"elementor-widget-wrap elementor-element-populated\">\n\t\t\t\t\t\t\t\t<div class=\"elementor-element elementor-element-7327ee9 elementor-widget-divider--view-line elementor-widget elementor-widget-divider\" data-id=\"7327ee9\" data-element_type=\"widget\" data-widget_type=\"divider.default\">\n\t\t\t\t<div class=\"elementor-widget-container\">\n\t\t\t\t\t<div class=\"elementor-divider\">\n\t\t\t<span class=\"elementor-divider-separator\">\n\t\t\t\t\t\t<\/span>\n\t\t<\/div>\n\t\t\t\t<\/div>\n\t\t\t\t<\/div>\n\t\t\t\t\t<\/div>\n\t\t<\/div>\n\t\t\t\t\t\t\t<\/div>\n\t\t<\/section>\n\t\t\t\t<section class=\"elementor-section elementor-top-section elementor-element elementor-element-d4b466b elementor-section-boxed elementor-section-height-default elementor-section-height-default\" data-id=\"d4b466b\" data-element_type=\"section\">\n\t\t\t\t\t\t<div class=\"elementor-container elementor-column-gap-default\">\n\t\t\t\t\t<div class=\"elementor-column elementor-col-50 elementor-top-column elementor-element elementor-element-acefb10\" data-id=\"acefb10\" data-element_type=\"column\">\n\t\t\t<div class=\"elementor-widget-wrap elementor-element-populated\">\n\t\t\t\t\t\t\t\t<div class=\"elementor-element elementor-element-b67c3f9 elementor-widget elementor-widget-text-editor\" data-id=\"b67c3f9\" data-element_type=\"widget\" data-widget_type=\"text-editor.default\">\n\t\t\t\t<div class=\"elementor-widget-container\">\n\t\t\t\t\t\t\t<p>Esta obra integra a S\u00e9rie Educa\u00e7\u00e3o Popular &amp; Sa\u00fade, publicada pela Editora Rede Unida.<\/p><p>Organizadores: Vanderl\u00e9ia Laodete Pulga, Vera L\u00facia de Azevedo Dantas, Osvaldo Peralta Bonetti, Etel Matielo e Alcindo Ant\u00f4nio Ferla<br \/>ISBN: 978-65-87180-01-4<br \/>DOI: 10.18310\/9786587180014<\/p>\t\t\t\t\t\t<\/div>\n\t\t\t\t<\/div>\n\t\t\t\t\t<\/div>\n\t\t<\/div>\n\t\t\t\t<div class=\"elementor-column elementor-col-50 elementor-top-column elementor-element elementor-element-144c6c1\" data-id=\"144c6c1\" data-element_type=\"column\">\n\t\t\t<div class=\"elementor-widget-wrap elementor-element-populated\">\n\t\t\t\t\t\t\t\t<div class=\"elementor-element elementor-element-54e013e elementor-widget elementor-widget-text-editor\" data-id=\"54e013e\" data-element_type=\"widget\" data-widget_type=\"text-editor.default\">\n\t\t\t\t<div class=\"elementor-widget-container\">\n\t\t\t\t\t\t\t<p>Acesse a cole\u00e7\u00e3o no site da Editora Rede Unida<\/p>\t\t\t\t\t\t<\/div>\n\t\t\t\t<\/div>\n\t\t\t\t<div class=\"elementor-element elementor-element-89e10f9 elementor-widget elementor-widget-image\" data-id=\"89e10f9\" data-element_type=\"widget\" data-widget_type=\"image.default\">\n\t\t\t\t<div class=\"elementor-widget-container\">\n\t\t\t\t\t\t\t\t\t\t\t\t\t\t\t\t<a href=\"https:\/\/editora.redeunida.org.br\/project\/educacao-popular-equidade-e-saude-dispositivos-pedagogicos-e-praticas-ludicas-de-aprendizagem-na-saude-a-caixa-de-ferramentas-nas-relacoes-de-ensino-e-aprendizagem\/\">\n\t\t\t\t\t\t\t<img decoding=\"async\" width=\"218\" height=\"77\" src=\"https:\/\/edpopsaude.com.br\/site\/wp-content\/uploads\/2021\/06\/logo-editora-rede-unida.jpg\" class=\"attachment-large size-large wp-image-116\" alt=\"\" loading=\"lazy\" sizes=\"(max-width: 34.9rem) calc(100vw - 2rem), (max-width: 53rem) calc(8 * (100vw \/ 12)), (min-width: 53rem) calc(6 * (100vw \/ 12)), 100vw\" \/>\t\t\t\t\t\t\t\t<\/a>\n\t\t\t\t\t\t\t\t\t\t\t\t\t\t\t<\/div>\n\t\t\t\t<\/div>\n\t\t\t\t\t<\/div>\n\t\t<\/div>\n\t\t\t\t\t\t\t<\/div>\n\t\t<\/section>\n\t\t\t\t<section class=\"elementor-section elementor-top-section elementor-element elementor-element-5dc8a50 elementor-section-boxed elementor-section-height-default elementor-section-height-default\" data-id=\"5dc8a50\" data-element_type=\"section\">\n\t\t\t\t\t\t<div class=\"elementor-container elementor-column-gap-default\">\n\t\t\t\t\t<div class=\"elementor-column elementor-col-100 elementor-top-column elementor-element elementor-element-21edf7e\" data-id=\"21edf7e\" data-element_type=\"column\">\n\t\t\t<div class=\"elementor-widget-wrap elementor-element-populated\">\n\t\t\t\t\t\t\t\t<div class=\"elementor-element elementor-element-33938e9 elementor-widget elementor-widget-spacer\" data-id=\"33938e9\" data-element_type=\"widget\" data-widget_type=\"spacer.default\">\n\t\t\t\t<div class=\"elementor-widget-container\">\n\t\t\t\t\t<div class=\"elementor-spacer\">\n\t\t\t<div class=\"elementor-spacer-inner\"><\/div>\n\t\t<\/div>\n\t\t\t\t<\/div>\n\t\t\t\t<\/div>\n\t\t\t\t\t<\/div>\n\t\t<\/div>\n\t\t\t\t\t\t\t<\/div>\n\t\t<\/section>\n\t\t\t\t\t\t\t<\/div>\n\t\t","protected":false},"excerpt":{"rendered":"<p>EDUCA\u00c7\u00c3O POPULAR, EQUIDADE E SA\u00daDE &#8211; DISPOSITIVOS PEDAG\u00d3GICOS E PR\u00c1TICAS L\u00daDICAS DE APRENDIZAGEM NA SA\u00daDE: a caixa de ferramentas nas rela\u00e7\u00f5es de ensino e aprendizagem Esta obra traz, em seus cap\u00edtulos, uma colet\u00e2nea de reflex\u00f5es que agrupa registros de experi\u00eancias no desenvolvimento do cuidado, forma\u00e7\u00e3o, trabalho e participa\u00e7\u00e3o social em sa\u00fade no cotidiano do sistema &hellip; <\/p>\n<p class=\"link-more\"><a href=\"https:\/\/edpopsaude.com.br\/site\/livro-educacao-equidade-saude-dispositivos-pedagogicos-e-praticas\/\" class=\"more-link\">Continue lendo<span class=\"screen-reader-text\"> &#8220;Educa\u00e7\u00e3o popular, equidade e sa\u00fade &#8211; dispositivos pedag\u00f3gicos e pr\u00e1ticas l\u00fadicas&#8221;<\/span><\/a><\/p>\n","protected":false},"author":1,"featured_media":0,"parent":0,"menu_order":0,"comment_status":"closed","ping_status":"closed","template":"elementor_canvas","meta":[],"_links":{"self":[{"href":"https:\/\/edpopsaude.com.br\/site\/wp-json\/wp\/v2\/pages\/149"}],"collection":[{"href":"https:\/\/edpopsaude.com.br\/site\/wp-json\/wp\/v2\/pages"}],"about":[{"href":"https:\/\/edpopsaude.com.br\/site\/wp-json\/wp\/v2\/types\/page"}],"author":[{"embeddable":true,"href":"https:\/\/edpopsaude.com.br\/site\/wp-json\/wp\/v2\/users\/1"}],"replies":[{"embeddable":true,"href":"https:\/\/edpopsaude.com.br\/site\/wp-json\/wp\/v2\/comments?post=149"}],"version-history":[{"count":12,"href":"https:\/\/edpopsaude.com.br\/site\/wp-json\/wp\/v2\/pages\/149\/revisions"}],"predecessor-version":[{"id":197,"href":"https:\/\/edpopsaude.com.br\/site\/wp-json\/wp\/v2\/pages\/149\/revisions\/197"}],"wp:attachment":[{"href":"https:\/\/edpopsaude.com.br\/site\/wp-json\/wp\/v2\/media?parent=149"}],"curies":[{"name":"wp","href":"https:\/\/api.w.org\/{rel}","templated":true}]}}