{"id":418,"date":"2022-06-30T23:33:41","date_gmt":"2022-07-01T02:33:41","guid":{"rendered":"https:\/\/edpopsaude.com.br\/site\/?page_id=418"},"modified":"2022-07-01T09:21:43","modified_gmt":"2022-07-01T12:21:43","slug":"atividades-educativas-na-escola-estadual-joaquim-fagundes-dos-reis-passo-fundo-rs","status":"publish","type":"page","link":"https:\/\/edpopsaude.com.br\/site\/atividades-educativas-na-escola-estadual-joaquim-fagundes-dos-reis-passo-fundo-rs\/","title":{"rendered":"Atividades Educativas na Escola Estadual Joaquim Fagundes dos Reis, Passo Fundo\/RS"},"content":{"rendered":"\t\t<div data-elementor-type=\"wp-page\" data-elementor-id=\"418\" class=\"elementor elementor-418\">\n\t\t\t\t\t\t\t\t\t<section class=\"elementor-section elementor-top-section elementor-element elementor-element-76c14401 elementor-section-boxed elementor-section-height-default elementor-section-height-default\" data-id=\"76c14401\" data-element_type=\"section\">\n\t\t\t\t\t\t<div class=\"elementor-container elementor-column-gap-default\">\n\t\t\t\t\t<div class=\"elementor-column elementor-col-100 elementor-top-column elementor-element elementor-element-1fe930ea\" data-id=\"1fe930ea\" data-element_type=\"column\">\n\t\t\t<div class=\"elementor-widget-wrap elementor-element-populated\">\n\t\t\t\t\t\t\t\t<div class=\"elementor-element elementor-element-31a1a3aa elementor-widget elementor-widget-image\" data-id=\"31a1a3aa\" data-element_type=\"widget\" data-widget_type=\"image.default\">\n\t\t\t\t<div class=\"elementor-widget-container\">\n\t\t\t\t\t\t\t\t\t\t\t\t\t\t\t<img decoding=\"async\" width=\"414\" height=\"124\" src=\"https:\/\/edpopsaude.com.br\/site\/wp-content\/uploads\/2022\/06\/ArboControl-logo-1.jpg\" class=\"attachment-large size-large wp-image-420\" alt=\"\" loading=\"lazy\" srcset=\"https:\/\/edpopsaude.com.br\/site\/wp-content\/uploads\/2022\/06\/ArboControl-logo-1.jpg 414w, https:\/\/edpopsaude.com.br\/site\/wp-content\/uploads\/2022\/06\/ArboControl-logo-1-300x90.jpg 300w\" sizes=\"(max-width: 34.9rem) calc(100vw - 2rem), (max-width: 53rem) calc(8 * (100vw \/ 12)), (min-width: 53rem) calc(6 * (100vw \/ 12)), 100vw\" \/>\t\t\t\t\t\t\t\t\t\t\t\t\t\t\t<\/div>\n\t\t\t\t<\/div>\n\t\t\t\t<div class=\"elementor-element elementor-element-7b8d8e33 elementor-widget elementor-widget-heading\" data-id=\"7b8d8e33\" data-element_type=\"widget\" data-widget_type=\"heading.default\">\n\t\t\t\t<div class=\"elementor-widget-container\">\n\t\t\t<h2 class=\"elementor-heading-title elementor-size-default\">Projeto ArboControl  |  UFFS<\/h2>\t\t<\/div>\n\t\t\t\t<\/div>\n\t\t\t\t<div class=\"elementor-element elementor-element-2be45da9 elementor-widget elementor-widget-text-editor\" data-id=\"2be45da9\" data-element_type=\"widget\" data-widget_type=\"text-editor.default\">\n\t\t\t\t<div class=\"elementor-widget-container\">\n\t\t\t\t\t\t\t<p>Atividades Educativas na Escola Estadual Joaquim Fagundes dos Reis,\u00a0 em Passo Fundo\/RS<\/p>\t\t\t\t\t\t<\/div>\n\t\t\t\t<\/div>\n\t\t\t\t<div class=\"elementor-element elementor-element-762de34c elementor-widget elementor-widget-image\" data-id=\"762de34c\" data-element_type=\"widget\" data-widget_type=\"image.default\">\n\t\t\t\t<div class=\"elementor-widget-container\">\n\t\t\t\t\t\t\t\t\t\t\t\t\t\t\t<img decoding=\"async\" width=\"287\" height=\"151\" src=\"https:\/\/edpopsaude.com.br\/site\/wp-content\/uploads\/2022\/06\/Ecos-ArboControl-logo.png\" class=\"attachment-large size-large wp-image-429\" alt=\"\" loading=\"lazy\" sizes=\"(max-width: 34.9rem) calc(100vw - 2rem), (max-width: 53rem) calc(8 * (100vw \/ 12)), (min-width: 53rem) calc(6 * (100vw \/ 12)), 100vw\" \/>\t\t\t\t\t\t\t\t\t\t\t\t\t\t\t<\/div>\n\t\t\t\t<\/div>\n\t\t\t\t<div class=\"elementor-element elementor-element-1b1c666a elementor-widget elementor-widget-spacer\" data-id=\"1b1c666a\" data-element_type=\"widget\" data-widget_type=\"spacer.default\">\n\t\t\t\t<div class=\"elementor-widget-container\">\n\t\t\t\t\t<div class=\"elementor-spacer\">\n\t\t\t<div class=\"elementor-spacer-inner\"><\/div>\n\t\t<\/div>\n\t\t\t\t<\/div>\n\t\t\t\t<\/div>\n\t\t\t\t\t<\/div>\n\t\t<\/div>\n\t\t\t\t\t\t\t<\/div>\n\t\t<\/section>\n\t\t\t\t<section class=\"elementor-section elementor-top-section elementor-element elementor-element-a9bda91 elementor-section-boxed elementor-section-height-default elementor-section-height-default\" data-id=\"a9bda91\" data-element_type=\"section\">\n\t\t\t\t\t\t<div class=\"elementor-container elementor-column-gap-default\">\n\t\t\t\t\t<div class=\"elementor-column elementor-col-100 elementor-top-column elementor-element elementor-element-f1d0d75\" data-id=\"f1d0d75\" data-element_type=\"column\">\n\t\t\t<div class=\"elementor-widget-wrap elementor-element-populated\">\n\t\t\t\t\t\t\t\t<div class=\"elementor-element elementor-element-f9012eb elementor-widget elementor-widget-gallery\" data-id=\"f9012eb\" data-element_type=\"widget\" data-settings=\"{&quot;lazyload&quot;:&quot;yes&quot;,&quot;gallery_layout&quot;:&quot;grid&quot;,&quot;columns&quot;:4,&quot;columns_tablet&quot;:2,&quot;columns_mobile&quot;:1,&quot;gap&quot;:{&quot;unit&quot;:&quot;px&quot;,&quot;size&quot;:10,&quot;sizes&quot;:[]},&quot;gap_tablet&quot;:{&quot;unit&quot;:&quot;px&quot;,&quot;size&quot;:10,&quot;sizes&quot;:[]},&quot;gap_mobile&quot;:{&quot;unit&quot;:&quot;px&quot;,&quot;size&quot;:10,&quot;sizes&quot;:[]},&quot;link_to&quot;:&quot;file&quot;,&quot;aspect_ratio&quot;:&quot;3:2&quot;,&quot;overlay_background&quot;:&quot;yes&quot;,&quot;content_hover_animation&quot;:&quot;fade-in&quot;}\" data-widget_type=\"gallery.default\">\n\t\t\t\t<div class=\"elementor-widget-container\">\n\t\t\t\t\t<div class=\"elementor-gallery__container\">\n\t\t\t\t\t\t\t<a class=\"e-gallery-item elementor-gallery-item elementor-animated-content\" href=\"https:\/\/edpopsaude.com.br\/site\/wp-content\/uploads\/2022\/06\/021221-ArboControl-Escola-FagReis-PF_VanderleiaPulga-e-Ralf-Amaral-Santos-Bolsista.jpg\" data-elementor-open-lightbox=\"yes\" data-elementor-lightbox-slideshow=\"all-f9012eb\" data-elementor-lightbox-title=\"021221-ArboControl-Escola-FagReis-PF_VanderleiaPulga-e-Ralf-Amaral-Santos-Bolsista\" data-e-action-hash=\"#elementor-action%3Aaction%3Dlightbox%26settings%3DeyJpZCI6NDIxLCJ1cmwiOiJodHRwczpcL1wvZWRwb3BzYXVkZS5jb20uYnJcL3NpdGVcL3dwLWNvbnRlbnRcL3VwbG9hZHNcLzIwMjJcLzA2XC8wMjEyMjEtQXJib0NvbnRyb2wtRXNjb2xhLUZhZ1JlaXMtUEZfVmFuZGVybGVpYVB1bGdhLWUtUmFsZi1BbWFyYWwtU2FudG9zLUJvbHNpc3RhLmpwZyIsInNsaWRlc2hvdyI6ImFsbC1mOTAxMmViIn0%3D\">\n\t\t\t\t\t<div class=\"e-gallery-image elementor-gallery-item__image\" data-thumbnail=\"https:\/\/edpopsaude.com.br\/site\/wp-content\/uploads\/2022\/06\/021221-ArboControl-Escola-FagReis-PF_VanderleiaPulga-e-Ralf-Amaral-Santos-Bolsista-300x206.jpg\" data-width=\"300\" data-height=\"206\" aria-label=\"\" role=\"img\" ><\/div>\n\t\t\t\t\t\t\t\t\t\t\t<div class=\"elementor-gallery-item__overlay\"><\/div>\n\t\t\t\t\t\t\t\t\t\t\t\t\t\t<\/a>\n\t\t\t\t\t\t\t<a class=\"e-gallery-item elementor-gallery-item elementor-animated-content\" href=\"https:\/\/edpopsaude.com.br\/site\/wp-content\/uploads\/2022\/06\/021221-ArboControl-Escola-FagReis-PF-01.jpg\" data-elementor-open-lightbox=\"yes\" data-elementor-lightbox-slideshow=\"all-f9012eb\" data-elementor-lightbox-title=\"021221-ArboControl-Escola-FagReis-PF-01\" data-e-action-hash=\"#elementor-action%3Aaction%3Dlightbox%26settings%3DeyJpZCI6NDIyLCJ1cmwiOiJodHRwczpcL1wvZWRwb3BzYXVkZS5jb20uYnJcL3NpdGVcL3dwLWNvbnRlbnRcL3VwbG9hZHNcLzIwMjJcLzA2XC8wMjEyMjEtQXJib0NvbnRyb2wtRXNjb2xhLUZhZ1JlaXMtUEYtMDEuanBnIiwic2xpZGVzaG93IjoiYWxsLWY5MDEyZWIifQ%3D%3D\">\n\t\t\t\t\t<div class=\"e-gallery-image elementor-gallery-item__image\" data-thumbnail=\"https:\/\/edpopsaude.com.br\/site\/wp-content\/uploads\/2022\/06\/021221-ArboControl-Escola-FagReis-PF-01-300x225.jpg\" data-width=\"300\" data-height=\"225\" aria-label=\"\" role=\"img\" ><\/div>\n\t\t\t\t\t\t\t\t\t\t\t<div class=\"elementor-gallery-item__overlay\"><\/div>\n\t\t\t\t\t\t\t\t\t\t\t\t\t\t<\/a>\n\t\t\t\t\t\t\t<a class=\"e-gallery-item elementor-gallery-item elementor-animated-content\" href=\"https:\/\/edpopsaude.com.br\/site\/wp-content\/uploads\/2022\/06\/021221-ArboControl-Escola-FagReis-PF-02.jpg\" data-elementor-open-lightbox=\"yes\" data-elementor-lightbox-slideshow=\"all-f9012eb\" data-elementor-lightbox-title=\"021221-ArboControl-Escola-FagReis-PF-02\" data-e-action-hash=\"#elementor-action%3Aaction%3Dlightbox%26settings%3DeyJpZCI6NDIzLCJ1cmwiOiJodHRwczpcL1wvZWRwb3BzYXVkZS5jb20uYnJcL3NpdGVcL3dwLWNvbnRlbnRcL3VwbG9hZHNcLzIwMjJcLzA2XC8wMjEyMjEtQXJib0NvbnRyb2wtRXNjb2xhLUZhZ1JlaXMtUEYtMDIuanBnIiwic2xpZGVzaG93IjoiYWxsLWY5MDEyZWIifQ%3D%3D\">\n\t\t\t\t\t<div class=\"e-gallery-image elementor-gallery-item__image\" data-thumbnail=\"https:\/\/edpopsaude.com.br\/site\/wp-content\/uploads\/2022\/06\/021221-ArboControl-Escola-FagReis-PF-02-300x248.jpg\" data-width=\"300\" data-height=\"248\" aria-label=\"\" role=\"img\" ><\/div>\n\t\t\t\t\t\t\t\t\t\t\t<div class=\"elementor-gallery-item__overlay\"><\/div>\n\t\t\t\t\t\t\t\t\t\t\t\t\t\t<\/a>\n\t\t\t\t\t\t\t<a class=\"e-gallery-item elementor-gallery-item elementor-animated-content\" href=\"https:\/\/edpopsaude.com.br\/site\/wp-content\/uploads\/2022\/06\/021221-ArboControl-Escola-FagReis-PF-03.jpg\" data-elementor-open-lightbox=\"yes\" data-elementor-lightbox-slideshow=\"all-f9012eb\" data-elementor-lightbox-title=\"021221-ArboControl-Escola-FagReis-PF-03\" data-e-action-hash=\"#elementor-action%3Aaction%3Dlightbox%26settings%3DeyJpZCI6NDI0LCJ1cmwiOiJodHRwczpcL1wvZWRwb3BzYXVkZS5jb20uYnJcL3NpdGVcL3dwLWNvbnRlbnRcL3VwbG9hZHNcLzIwMjJcLzA2XC8wMjEyMjEtQXJib0NvbnRyb2wtRXNjb2xhLUZhZ1JlaXMtUEYtMDMuanBnIiwic2xpZGVzaG93IjoiYWxsLWY5MDEyZWIifQ%3D%3D\">\n\t\t\t\t\t<div class=\"e-gallery-image elementor-gallery-item__image\" data-thumbnail=\"https:\/\/edpopsaude.com.br\/site\/wp-content\/uploads\/2022\/06\/021221-ArboControl-Escola-FagReis-PF-03-300x241.jpg\" data-width=\"300\" data-height=\"241\" aria-label=\"\" role=\"img\" ><\/div>\n\t\t\t\t\t\t\t\t\t\t\t<div class=\"elementor-gallery-item__overlay\"><\/div>\n\t\t\t\t\t\t\t\t\t\t\t\t\t\t<\/a>\n\t\t\t\t\t\t\t<a class=\"e-gallery-item elementor-gallery-item elementor-animated-content\" href=\"https:\/\/edpopsaude.com.br\/site\/wp-content\/uploads\/2022\/06\/021221-ArboControl-Escola-FagReis-PF-04.jpg\" data-elementor-open-lightbox=\"yes\" data-elementor-lightbox-slideshow=\"all-f9012eb\" data-elementor-lightbox-title=\"021221-ArboControl-Escola-FagReis-PF-04\" data-e-action-hash=\"#elementor-action%3Aaction%3Dlightbox%26settings%3DeyJpZCI6NDI1LCJ1cmwiOiJodHRwczpcL1wvZWRwb3BzYXVkZS5jb20uYnJcL3NpdGVcL3dwLWNvbnRlbnRcL3VwbG9hZHNcLzIwMjJcLzA2XC8wMjEyMjEtQXJib0NvbnRyb2wtRXNjb2xhLUZhZ1JlaXMtUEYtMDQuanBnIiwic2xpZGVzaG93IjoiYWxsLWY5MDEyZWIifQ%3D%3D\">\n\t\t\t\t\t<div class=\"e-gallery-image elementor-gallery-item__image\" data-thumbnail=\"https:\/\/edpopsaude.com.br\/site\/wp-content\/uploads\/2022\/06\/021221-ArboControl-Escola-FagReis-PF-04-300x221.jpg\" data-width=\"300\" data-height=\"221\" aria-label=\"\" role=\"img\" ><\/div>\n\t\t\t\t\t\t\t\t\t\t\t<div class=\"elementor-gallery-item__overlay\"><\/div>\n\t\t\t\t\t\t\t\t\t\t\t\t\t\t<\/a>\n\t\t\t\t\t\t\t<a class=\"e-gallery-item elementor-gallery-item elementor-animated-content\" href=\"https:\/\/edpopsaude.com.br\/site\/wp-content\/uploads\/2022\/06\/021221-ArboControl-Escola-FagReis-PF-05.jpg\" data-elementor-open-lightbox=\"yes\" data-elementor-lightbox-slideshow=\"all-f9012eb\" data-elementor-lightbox-title=\"021221-ArboControl-Escola-FagReis-PF-05\" data-e-action-hash=\"#elementor-action%3Aaction%3Dlightbox%26settings%3DeyJpZCI6NDI2LCJ1cmwiOiJodHRwczpcL1wvZWRwb3BzYXVkZS5jb20uYnJcL3NpdGVcL3dwLWNvbnRlbnRcL3VwbG9hZHNcLzIwMjJcLzA2XC8wMjEyMjEtQXJib0NvbnRyb2wtRXNjb2xhLUZhZ1JlaXMtUEYtMDUuanBnIiwic2xpZGVzaG93IjoiYWxsLWY5MDEyZWIifQ%3D%3D\">\n\t\t\t\t\t<div class=\"e-gallery-image elementor-gallery-item__image\" data-thumbnail=\"https:\/\/edpopsaude.com.br\/site\/wp-content\/uploads\/2022\/06\/021221-ArboControl-Escola-FagReis-PF-05-300x195.jpg\" data-width=\"300\" data-height=\"195\" aria-label=\"\" role=\"img\" ><\/div>\n\t\t\t\t\t\t\t\t\t\t\t<div class=\"elementor-gallery-item__overlay\"><\/div>\n\t\t\t\t\t\t\t\t\t\t\t\t\t\t<\/a>\n\t\t\t\t\t\t\t<a class=\"e-gallery-item elementor-gallery-item elementor-animated-content\" href=\"https:\/\/edpopsaude.com.br\/site\/wp-content\/uploads\/2022\/06\/021221-ArboControl-Escola-FagReis-PF-bolsista-Ralf-Amaral-Santos.jpg\" data-elementor-open-lightbox=\"yes\" data-elementor-lightbox-slideshow=\"all-f9012eb\" data-elementor-lightbox-title=\"021221-ArboControl-Escola-FagReis-PF-bolsista-Ralf-Amaral-Santos\" data-e-action-hash=\"#elementor-action%3Aaction%3Dlightbox%26settings%3DeyJpZCI6NDI3LCJ1cmwiOiJodHRwczpcL1wvZWRwb3BzYXVkZS5jb20uYnJcL3NpdGVcL3dwLWNvbnRlbnRcL3VwbG9hZHNcLzIwMjJcLzA2XC8wMjEyMjEtQXJib0NvbnRyb2wtRXNjb2xhLUZhZ1JlaXMtUEYtYm9sc2lzdGEtUmFsZi1BbWFyYWwtU2FudG9zLmpwZyIsInNsaWRlc2hvdyI6ImFsbC1mOTAxMmViIn0%3D\">\n\t\t\t\t\t<div class=\"e-gallery-image elementor-gallery-item__image\" data-thumbnail=\"https:\/\/edpopsaude.com.br\/site\/wp-content\/uploads\/2022\/06\/021221-ArboControl-Escola-FagReis-PF-bolsista-Ralf-Amaral-Santos-300x298.jpg\" data-width=\"300\" data-height=\"298\" aria-label=\"\" role=\"img\" ><\/div>\n\t\t\t\t\t\t\t\t\t\t\t<div class=\"elementor-gallery-item__overlay\"><\/div>\n\t\t\t\t\t\t\t\t\t\t\t\t\t\t<\/a>\n\t\t\t\t\t\t\t<a class=\"e-gallery-item elementor-gallery-item elementor-animated-content\" href=\"https:\/\/edpopsaude.com.br\/site\/wp-content\/uploads\/2022\/06\/021221-ArboControl-Escola-FagReis-PF-Direcao-e-professores.jpg\" data-elementor-open-lightbox=\"yes\" data-elementor-lightbox-slideshow=\"all-f9012eb\" data-elementor-lightbox-title=\"021221-ArboControl-Escola-FagReis-PF-Direcao-e-professores\" data-e-action-hash=\"#elementor-action%3Aaction%3Dlightbox%26settings%3DeyJpZCI6NDI4LCJ1cmwiOiJodHRwczpcL1wvZWRwb3BzYXVkZS5jb20uYnJcL3NpdGVcL3dwLWNvbnRlbnRcL3VwbG9hZHNcLzIwMjJcLzA2XC8wMjEyMjEtQXJib0NvbnRyb2wtRXNjb2xhLUZhZ1JlaXMtUEYtRGlyZWNhby1lLXByb2Zlc3NvcmVzLmpwZyIsInNsaWRlc2hvdyI6ImFsbC1mOTAxMmViIn0%3D\">\n\t\t\t\t\t<div class=\"e-gallery-image elementor-gallery-item__image\" data-thumbnail=\"https:\/\/edpopsaude.com.br\/site\/wp-content\/uploads\/2022\/06\/021221-ArboControl-Escola-FagReis-PF-Direcao-e-professores-300x222.jpg\" data-width=\"300\" data-height=\"222\" aria-label=\"\" role=\"img\" ><\/div>\n\t\t\t\t\t\t\t\t\t\t\t<div class=\"elementor-gallery-item__overlay\"><\/div>\n\t\t\t\t\t\t\t\t\t\t\t\t\t\t<\/a>\n\t\t\t\t\t<\/div>\n\t\t\t<\/div>\n\t\t\t\t<\/div>\n\t\t\t\t\t<\/div>\n\t\t<\/div>\n\t\t\t\t\t\t\t<\/div>\n\t\t<\/section>\n\t\t\t\t<section class=\"elementor-section elementor-top-section elementor-element elementor-element-4554adf elementor-section-boxed elementor-section-height-default elementor-section-height-default\" data-id=\"4554adf\" data-element_type=\"section\">\n\t\t\t\t\t\t<div class=\"elementor-container elementor-column-gap-default\">\n\t\t\t\t\t<div class=\"elementor-column elementor-col-100 elementor-top-column elementor-element elementor-element-ee61ba9\" data-id=\"ee61ba9\" data-element_type=\"column\">\n\t\t\t<div class=\"elementor-widget-wrap elementor-element-populated\">\n\t\t\t\t\t\t\t\t<div class=\"elementor-element elementor-element-014ca79 elementor-widget elementor-widget-text-editor\" data-id=\"014ca79\" data-element_type=\"widget\" data-widget_type=\"text-editor.default\">\n\t\t\t\t<div class=\"elementor-widget-container\">\n\t\t\t\t\t\t\t<ol><li><strong>T\u00edtulo: <\/strong>Registro Fotogr\u00e1fico de Atividades Educativas em Escola Estadual Joaquim Fagundes dos Reis, Passo Fundo, RS<\/li><li><strong>Autor: <\/strong>Vanderl\u00e9ia Laodete Pulga<\/li><li><strong>Descri\u00e7\u00e3o: <\/strong>Laborat\u00f3rio Aedes Aegypti junto \u00e0 Feira de Ci\u00eancias da Escola 02 de dezembro de 2021 no Col\u00e9gio Fagundes dos Reis em Passo Fundo com mais de 500 estudantes do ensino m\u00e9dio. A execu\u00e7\u00e3o do laborat\u00f3rio do mosquito Aedes aegypti, com amostras dos mosquistos, da larva, pupa, mosquito adulto e a amostra de fem\u00eaas e machos. Explana\u00e7\u00e3o verbal constava com elucida\u00e7\u00e3o das Arboviroses, os sinais e sintomas da Dengue, Chicungunha e Zika, abordado sobre o ciclo de reprodu\u00e7\u00e3o e contamina\u00e7\u00e3o do vetor de transmiss\u00e3o, juntamente com as amostras das fases dos mosquitos.<\/li><\/ol><ol start=\"4\"><li><strong>Assunto (Palavra chaves): <\/strong>Aedes Aegypti, educa\u00e7\u00e3o em sa\u00fade, preven\u00e7\u00e3o<\/li><li><strong>Fonte (Um recurso relacionado do qual o recurso descrito deriva): <\/strong>Universidade Federal da Fronteira Sul, Campus Passo Fundo-RS<\/li><li><strong>Editor: <\/strong>Arbocontrol e Universidade Federal da Fronteira Sul, Campus Passo Fundo &#8211; RS<\/li><li><strong>Colaborador: <\/strong>Universidade Federal da Fronteira Sul, Campus Passo Fundo &#8211; RS<\/li><li><strong>Direitos: <\/strong>Arbocontrol e Universidade Federal da Fronteira Sul, Campus Passo Fundo-RS<\/li><li><strong>Rela\u00e7\u00e3o (Um recurso relacionado \u2013 se for cole\u00e7\u00e3o): <\/strong>N\u00e3o se Aplica<\/li><li><strong>Formato: <\/strong>Arquivo digital de imagem<\/li><li><strong>Idioma: <\/strong>Portugu\u00eas<\/li><li><strong>Tipo: <\/strong>Registro Fotogr\u00e1fico<\/li><li><strong>Identificador: <\/strong>Atividades de Educa\u00e7\u00e3o em Sa\u00fade sobre Arboviroses em escolas<\/li><li><strong>Abrang\u00eancia: <\/strong>Geral<\/li><li><strong>Abstract: <\/strong>Atividades educativas de orienta\u00e7\u00e3o e preven\u00e7\u00e3o de arboviroses com adolescentes, jovens e surdos.<\/li><li><strong>Data da cria\u00e7\u00e3o: <\/strong>02 de dezembro de 2021<\/li><li><strong>Data da aceita\u00e7\u00e3o: <\/strong>N\u00e3o se Aplica<\/li><li><strong>Data do Copyright:<\/strong><\/li><li><strong>Date da publica\u00e7\u00e3o do recurso:<\/strong><\/li><li><strong>Data da valida\u00e7\u00e3o:<\/strong><\/li><li><strong>Licen\u00e7a: <\/strong>Livre distribui\u00e7\u00e3o desde que citada a fonte<\/li><li><strong>Formato: <\/strong>M\u00eddia Digital<\/li><\/ol>\t\t\t\t\t\t<\/div>\n\t\t\t\t<\/div>\n\t\t\t\t\t<\/div>\n\t\t<\/div>\n\t\t\t\t\t\t\t<\/div>\n\t\t<\/section>\n\t\t\t\t<section class=\"elementor-section elementor-top-section elementor-element elementor-element-22eb2ec elementor-section-boxed elementor-section-height-default elementor-section-height-default\" data-id=\"22eb2ec\" data-element_type=\"section\">\n\t\t\t\t\t\t<div class=\"elementor-container elementor-column-gap-default\">\n\t\t\t\t\t<div class=\"elementor-column elementor-col-100 elementor-top-column elementor-element elementor-element-9805f97\" data-id=\"9805f97\" data-element_type=\"column\">\n\t\t\t<div class=\"elementor-widget-wrap elementor-element-populated\">\n\t\t\t\t\t\t\t\t<div class=\"elementor-element elementor-element-e3b1860 elementor-widget elementor-widget-text-editor\" data-id=\"e3b1860\" data-element_type=\"widget\" data-widget_type=\"text-editor.default\">\n\t\t\t\t<div class=\"elementor-widget-container\">\n\t\t\t\t\t\t\t<p>Respons\u00e1vel pela descri\u00e7\u00e3o: Vanderl\u00e9ia Laodete Pulga\u00a0<br \/>Lugar: Passo Fundo\/RS<br \/>Data: 31\/05\/2022<\/p>\t\t\t\t\t\t<\/div>\n\t\t\t\t<\/div>\n\t\t\t\t\t<\/div>\n\t\t<\/div>\n\t\t\t\t\t\t\t<\/div>\n\t\t<\/section>\n\t\t\t\t<section class=\"elementor-section elementor-top-section elementor-element elementor-element-99f7f12 elementor-section-boxed elementor-section-height-default elementor-section-height-default\" data-id=\"99f7f12\" data-element_type=\"section\">\n\t\t\t\t\t\t<div class=\"elementor-container elementor-column-gap-default\">\n\t\t\t\t\t<div class=\"elementor-column elementor-col-100 elementor-top-column elementor-element elementor-element-b90106f\" data-id=\"b90106f\" data-element_type=\"column\">\n\t\t\t<div class=\"elementor-widget-wrap elementor-element-populated\">\n\t\t\t\t\t\t\t\t<div class=\"elementor-element elementor-element-975d8c1 elementor-widget elementor-widget-text-editor\" data-id=\"975d8c1\" data-element_type=\"widget\" data-widget_type=\"text-editor.default\">\n\t\t\t\t<div class=\"elementor-widget-container\">\n\t\t\t\t\t\t\t<p><strong>Refer\u00eancias:<\/strong><\/p>\n<p>MARQUES, Jacia Veranilza de Lira.<strong>\u202fContribui\u00e7\u00f5es das atividades l\u00fadicas para o ensino e aprendizagem na educa\u00e7\u00e3o infantil<\/strong>. Trabalho de Conclus\u00e3o de Curso. Universidade Federal do Rio Grande do Norte, 2017.<\/p>\n<p>ORGANIZA\u00c7\u00c3O MUNDIAL DA SA\u00daDE (OMS).<strong>\u00a0Launch of the Global Arbovirus Initiative.<\/strong>\u00a02022. Dispon\u00edvel em: &lt;<a href=\"https:\/\/www.who.int\/news-room\/events\/detail\/2022\/03\/31\/default-calendar\/global-arbovirus-initiative\">https:\/\/www.who.int\/news-room\/events\/detail\/2022\/03\/31\/default-calendar\/global-arbovirus-initiative<\/a>&gt;. Acesso em: 15 abr. 2022.<\/p>\n<p>POLETTO, R. C. A ludicidade da crian\u00e7a e sua rela\u00e7\u00e3o com o contexto familiar.\u00a0<strong>Rev. Psicologia em Estudo<\/strong>, v.10, n.1, p. 67\u201075, jan\/abr. 2005.<\/p>\n<p>Arbocontrol na escolas: educa\u00e7\u00e3o, informa\u00e7\u00e3o e comunica\u00e7\u00e3o para o controle de vetor [livro eletr\u00f4nico] \/ organizadores Maria F\u00e1tima de Sousa, Jitone Le\u00f4nidas Soares, Ana Val\u00e9ria M. Mendon\u00e7a. 1. ed. Bras\u00edlia: UnB &#8211; Universidade de Bras\u00edlia, 2021.<\/p>\t\t\t\t\t\t<\/div>\n\t\t\t\t<\/div>\n\t\t\t\t<div class=\"elementor-element elementor-element-e802ba0 elementor-widget elementor-widget-spacer\" data-id=\"e802ba0\" data-element_type=\"widget\" data-widget_type=\"spacer.default\">\n\t\t\t\t<div class=\"elementor-widget-container\">\n\t\t\t\t\t<div class=\"elementor-spacer\">\n\t\t\t<div class=\"elementor-spacer-inner\"><\/div>\n\t\t<\/div>\n\t\t\t\t<\/div>\n\t\t\t\t<\/div>\n\t\t\t\t\t<\/div>\n\t\t<\/div>\n\t\t\t\t\t\t\t<\/div>\n\t\t<\/section>\n\t\t\t\t<section class=\"elementor-section elementor-top-section elementor-element elementor-element-5a3df9e elementor-section-boxed elementor-section-height-default elementor-section-height-default\" data-id=\"5a3df9e\" data-element_type=\"section\" data-settings=\"{&quot;background_background&quot;:&quot;classic&quot;}\">\n\t\t\t\t\t\t<div class=\"elementor-container elementor-column-gap-no\">\n\t\t\t\t\t<div class=\"elementor-column elementor-col-100 elementor-top-column elementor-element elementor-element-4898461d\" data-id=\"4898461d\" data-element_type=\"column\">\n\t\t\t<div class=\"elementor-widget-wrap elementor-element-populated\">\n\t\t\t\t\t\t\t\t<div class=\"elementor-element elementor-element-7d06eff1 elementor-widget elementor-widget-copyright\" data-id=\"7d06eff1\" data-element_type=\"widget\" data-settings=\"{&quot;align&quot;:&quot;center&quot;}\" data-widget_type=\"copyright.default\">\n\t\t\t\t<div class=\"elementor-widget-container\">\n\t\t\t\t\t<div class=\"hfe-copyright-wrapper\">\n\t\t\t\t\t\t\t<span>Copyright \u00a9 2026 Educa\u00e7\u00e3o Popular e Sa\u00fade   |   Cria\u00e7\u00e3o MDA Comunica\u00e7\u00e3o Integrada<\/span>\n\t\t\t\t\t<\/div>\n\t\t\t\t<\/div>\n\t\t\t\t<\/div>\n\t\t\t\t<div class=\"elementor-element elementor-element-56df3dcb elementor-widget elementor-widget-text-editor\" data-id=\"56df3dcb\" data-element_type=\"widget\" data-widget_type=\"text-editor.default\">\n\t\t\t\t<div class=\"elementor-widget-container\">\n\t\t\t\t\t\t\t<p>Contato e informa\u00e7\u00f5es: contato@edpopsaude.com.br<\/p>\t\t\t\t\t\t<\/div>\n\t\t\t\t<\/div>\n\t\t\t\t\t<\/div>\n\t\t<\/div>\n\t\t\t\t\t\t\t<\/div>\n\t\t<\/section>\n\t\t\t\t\t\t\t<\/div>\n\t\t","protected":false},"excerpt":{"rendered":"<p>Projeto ArboControl | UFFS Atividades Educativas na Escola Estadual Joaquim Fagundes dos Reis,\u00a0 em Passo Fundo\/RS T\u00edtulo: Registro Fotogr\u00e1fico de Atividades Educativas em Escola Estadual Joaquim Fagundes dos Reis, Passo Fundo, RS Autor: Vanderl\u00e9ia Laodete Pulga Descri\u00e7\u00e3o: Laborat\u00f3rio Aedes Aegypti junto \u00e0 Feira de Ci\u00eancias da Escola 02 de dezembro de 2021 no Col\u00e9gio Fagundes &hellip; <\/p>\n<p class=\"link-more\"><a href=\"https:\/\/edpopsaude.com.br\/site\/atividades-educativas-na-escola-estadual-joaquim-fagundes-dos-reis-passo-fundo-rs\/\" class=\"more-link\">Continue lendo<span class=\"screen-reader-text\"> &#8220;Atividades Educativas na Escola Estadual Joaquim Fagundes dos Reis, Passo Fundo\/RS&#8221;<\/span><\/a><\/p>\n","protected":false},"author":1,"featured_media":422,"parent":0,"menu_order":0,"comment_status":"closed","ping_status":"closed","template":"elementor_canvas","meta":[],"_links":{"self":[{"href":"https:\/\/edpopsaude.com.br\/site\/wp-json\/wp\/v2\/pages\/418"}],"collection":[{"href":"https:\/\/edpopsaude.com.br\/site\/wp-json\/wp\/v2\/pages"}],"about":[{"href":"https:\/\/edpopsaude.com.br\/site\/wp-json\/wp\/v2\/types\/page"}],"author":[{"embeddable":true,"href":"https:\/\/edpopsaude.com.br\/site\/wp-json\/wp\/v2\/users\/1"}],"replies":[{"embeddable":true,"href":"https:\/\/edpopsaude.com.br\/site\/wp-json\/wp\/v2\/comments?post=418"}],"version-history":[{"count":33,"href":"https:\/\/edpopsaude.com.br\/site\/wp-json\/wp\/v2\/pages\/418\/revisions"}],"predecessor-version":[{"id":564,"href":"https:\/\/edpopsaude.com.br\/site\/wp-json\/wp\/v2\/pages\/418\/revisions\/564"}],"wp:featuredmedia":[{"embeddable":true,"href":"https:\/\/edpopsaude.com.br\/site\/wp-json\/wp\/v2\/media\/422"}],"wp:attachment":[{"href":"https:\/\/edpopsaude.com.br\/site\/wp-json\/wp\/v2\/media?parent=418"}],"curies":[{"name":"wp","href":"https:\/\/api.w.org\/{rel}","templated":true}]}}